45
Suppose l + 5*t - 785 = 0, 3*l + t - 2307 = 2*t. Suppose 0 = 43*y - 301*y + 18060. What is the highest common factor of l and y?
70
Let h be ((-1 + -1)*1)/(-9 - 14974/(-1664)). What is the greatest common divisor of 96 and h?
32
Let w(t) = 4879*t - 29130. Let g be w(6). Let b be -6*-2*2/8. What is the highest common factor of b and g?
3
Let t = 44606 + -34607. Calculate the greatest common divisor of t and 45.
9
Suppose -4*k - 4*d + 40 = 0, -4*k - 3*d + 32 = -10. Suppose k*s - 2*s - 2000 = 0. What is the greatest common factor of s and 8?
8
Let t = 1938 - 1932. What is the greatest common factor of t and 762?
6
Let i be 0 + -2 - 720/3. Suppose -2*j - 4*v = -748, 2*j + 10*v - 724 = 14*v. Let t = i + j. Calculate the highest common factor of 14 and t.
14
Suppose -36353*q = -36351*q - 220. Let w = 54 + -32. Calculate the highest common factor of w and q.
22
Let m(x) = -27*x - 32. Let p(k) = k + 3. Let c(y) = m(y) - 2*p(y). Let q be c(-2). What is the greatest common divisor of q and 90?
10
Let q = 3178 - 237. Calculate the greatest common divisor of q and 17.
17
Let o(m) = -2*m**2 + 20*m - 15. Let p be o(9). Let z be 1/p - (-6820)/33. What is the highest common factor of z and 9?
9
Suppose 0 = 8*y - 4*y + 16, -y + 4 = 4*w. Suppose -115*r + 107*r = -1336. Let s = -164 + r. Calculate the highest common divisor of s and w.
1
Let n be (-40)/72*-9 - 10*1*-2. Let s = -26 + 36. Suppose -4*q - 908 = -4*j, 5*q = -s - 0. Calculate the greatest common factor of j and n.
25
Suppose -816*u + 39303 = 10743. Let c(a) = a**3 + a**2 - 4*a + 4. Let q be c(3). Calculate the greatest common factor of u and q.
7
Let t be 13447 + 3*65/(-13). Calculate the greatest common divisor of 184 and t.
184
Let q = -17898 - -18022. Let p(t) = -11*t + 5. Let o be p(-8). What is the greatest common factor of o and q?
31
Let a(v) = -2*v - 1. Let f be a(-17). Let t(g) = 3*g + 26. Let y = 328 + -322. Let z be t(y). Calculate the greatest common divisor of z and f.
11
Suppose 2*p + 1 = n - 4, -3*p - 25 = -5*n. Suppose p*o - 8008 = -13*o. Calculate the greatest common factor of 112 and o.
56
Suppose -3*h - 6*o = -5*o - 18, -5*h + 3*o + 16 = 0. Calculate the greatest common divisor of 485 and h.
5
Suppose -7*t + 8*t = 11592. Suppose -11*b - 13*b = -t. Calculate the highest common divisor of b and 69.
69
Let u(w) = 34*w**3 + 2*w - 1. Let x be u(1). Let o = -40 + x. Let z be (((-25)/(-3))/o)/(4/(-12)). What is the highest common factor of 15 and z?
5
Let x = 133 + -3. Let a = -26 + x. Let f be 275/22 + 1/2. Calculate the greatest common divisor of f and a.
13
Let k(a) = 148*a + 13580. Let y be k(-87). Calculate the greatest common factor of 209 and y.
11
Suppose -30*d + 1159 + 281 = 0. Calculate the highest common factor of 3792 and d.
48
Suppose 3*a + 2*w - 21 - 36 = 0, -56 = -4*a + 4*w. Let v be -3 - -5 - (-323)/a. Calculate the highest common divisor of 336 and v.
21
Let g = 22550 - 22338. Calculate the highest common divisor of g and 280.
4
Suppose -3320 = -3*x - 3239. Calculate the greatest common factor of 23 and x.
1
Let v = -41 + 45. Suppose -4*b + 28 = k, 3*b = v*k + k - 209. Let q = 45 - k. Calculate the highest common factor of 2 and q.
1
Suppose -2*f - 4*y = -232 - 372, -1505 = -5*f - 5*y. Calculate the highest common factor of 550 and f.
50
Suppose 1498 = 3*l - 4*w, 3*w - 435 = l - 926. What is the greatest common divisor of l and 874?
46
Let k be (-11 - 104/(-10)) + (-5)/((-75)/52389). What is the highest common divisor of 36 and k?
36
Let t = 246 - 109. Suppose 136*b + 234 = t*b. What is the highest common factor of b and 18?
18
Suppose 2*y = 18 - 0. Suppose 13*p + 1961 = 5315. Suppose -3*m + 2*x = -278, 4*x - x - p = -3*m. Calculate the greatest common divisor of y and m.
9
Let x = -50 - -50. Suppose x = 6*c - 4*c - 2198. Let q be c/14 - (-6)/4. Calculate the highest common divisor of q and 32.
16
Let s(t) = -t**3 + 8*t**2 + 23 + 112 - 3*t + 3*t - 12*t**2 - 3*t. Let l be s(0). What is the highest common factor of l and 105?
15
Let m = -1816 + 1861. Calculate the highest common divisor of 25 and m.
5
Let z(x) = 3*x**2 - 2*x + 1. Let g be z(2). Let y = 576 + -574. Let p be (9/y)/(1859/154 - 12). What is the highest common divisor of p and g?
9
Suppose -4*t + u + 12 = 0, -t - 4*u + 108 = 88. What is the highest common divisor of t and 838?
2
Let m be (3164/(-49))/(2/(-7)). Let n = m - 187. Calculate the highest common factor of 6 and n.
3
Let z(r) = 2*r - 4. Let s be z(5). Let c = -1968 + 1963. Let x be 4/c*((-15)/s - 5). Calculate the greatest common divisor of 2 and x.
2
Let c be ((-82064)/(-598) - 6/26)/(1 + 0). What is the highest common divisor of c and 3014?
137
Let w(t) = t**2 - 106*t + 1093. Let u be w(99). Calculate the highest common divisor of 325 and u.
25
Let o be 4219 - 54/(-9)*1. What is the greatest common factor of o and 25?
25
Let j = -169 + 338. Let z = j + -129. What is the highest common factor of z and 5?
5
Suppose -135*t + 1026 = -133*t. What is the highest common divisor of t and 171?
171
Suppose -2*z + 16 = -4*l, 5*z - 8*l = 58 - 14. Calculate the greatest common factor of z and 2628.
12
Suppose -6*w - r + 481 + 219 = 0, 4*w = -3*r + 476. Calculate the greatest common divisor of 116 and w.
116
Suppose 10*b = a + 14*b - 3, 5*b = -20. Suppose -a*r - 5250 = -34*r. What is the greatest common factor of 100 and r?
50
Let k(d) = 8*d**2 - 41*d + 17. Let c be k(5). Calculate the greatest common factor of c and 24.
12
Suppose 4*n = 5*f - 2539, 6*n = 3*f - f - 1020. Calculate the highest common divisor of f and 195.
39
Let z be (-4)/(16/3)*56/(-14). Suppose a + 5*s - 389 = 0, -354 = 2*a - z*a + 2*s. Calculate the greatest common divisor of 52 and a.
52
Let l(c) = 5*c - 13. Let w be l(12). Let p(m) = -113*m + 15556. Let q be p(136). What is the greatest common factor of q and w?
47
Suppose 4*y - 2*y + 32 = 0. Let p be 10*(1 + -1 + -1)*y. Let m be -3 + -2 + 27 + -2. Calculate the highest common factor of m and p.
20
Let o(x) = -x**2 + 2*x + 1. Let b(f) = -21*f + 21. Let q(j) = -b(j) + o(j). Let d be q(21). Let m = -177 + 353. Calculate the greatest common factor of m and d.
22
Suppose 0 = 2*k + 2, -57*c + 59*c + 5*k - 79 = 0. Calculate the highest common divisor of c and 108.
6
Let j be 13 + -22 + (1667 - 11). What is the highest common factor of 54 and j?
27
Suppose 0 = -z + 2*b + 384, -3*z + 839 + 337 = 2*b. What is the highest common factor of 1820 and z?
130
Let g be 16629/54 - 23/(-414). What is the highest common factor of g and 140?
28
Suppose 13*h - 477 = 190 + 100. What is the greatest common factor of h and 118?
59
Suppose 13477 = 81*r + 517. Calculate the highest common divisor of r and 232.
8
Let f be (-210)/(-56)*24/(-6)*-8. What is the highest common divisor of f and 6400?
40
Let y = 44 + -40. Let t = -31 + 31. Suppose 0*z + y*z - 204 = t. Calculate the highest common divisor of z and 17.
17
Let t be 22*(1 - 21/6). Let s be ((-1)/1)/((-1)/t). Let p be ((-179)/(-5) + (-11)/s)*1. What is the greatest common divisor of p and 288?
36
Let o = -404 - -581. Let v = -3116 - -3352. Calculate the greatest common divisor of o and v.
59
Let q(l) = -44*l - 161. Let o be q(-4). Calculate the highest common divisor of 15 and o.
15
Suppose u = -2*k + 507, 0*u = -2*k + 5*u + 489. Let t(i) = -2*i**3 + 22*i**2 - 21*i + 38. Let p be t(10). What is the highest common factor of k and p?
28
Let c = 44 + -293. Let d be c/2*(0 - (-2)/(-3)). Suppose 3*o - j - 4*j = d, -j = -4*o + 105. Calculate the highest common factor of o and 234.
26
Let h(v) = v**3 + 7*v**2 + 6*v + 3. Let r be h(-6). Suppose -r*g = -7*g + 748. Let p = -36838 + 36855. Calculate the highest common factor of p and g.
17
Suppose 0*m + m - 1 = 0, -3*m = 5*q - 383. Suppose 0 = 15*h - n - 434, 1000*h - 2*n - 112 = 997*h. What is the highest common factor of q and h?
4
Suppose -77 = -5*g - 5*u + 2*u, -3*g + 2*u = -50. Let j = 149086 + -149083. What is the highest common divisor of g and j?
1
Suppose n + 7 = 15. Suppose 2*x + n*p = 3*p + 165, 2*p + 6 = 0. What is the highest common factor of 36 and x?
18
Let j(c) = 338*c - 1674. Let t be j(5). Let s = 476 - 204. Calculate the highest common divisor of s and t.
16
Let k = -114 + 112. Let c be 550/20 + (-3)/k. Calculate the highest common factor of c and 23